0*a**2 + 304*a + 82. Determine b(-10).
42
Let a(u) = 61*u**2 + 14008*u + 22744. Determine a(-228).
-56
Let m(v) = -1395*v + 9287. Determine m(7).
-478
Let l(a) = -51*a + 207. Calculate l(-12).
819
Let j(t) = -3435*t + 3594. Determine j(1).
159
Let g(m) = -291*m**3 - 1749*m**2 + 130*m + 903. Calculate g(-6).
15
Let w(g) = 2*g**3 - 86*g**2 - 433*g + 296. Calculate w(48).
2552
Let z(o) = 1455*o**3 + 61112*o**2 + 79*o - 248. Calculate z(-42).
-38
Let g(s) = -33*s**2 + 3108*s - 14721. Calculate g(5).
-6
Let m(g) = g**3 - 27*g**2 - 1104*g + 1285. Determine m(49).
11
Let p(m) = m**2 - 212*m + 7406. What is p(46)?
-230
Let g(x) = 4*x**2 + 426*x + 4181. Determine g(-62).
-6855
Let p(x) = x**3 - 58*x**2 + 4799*x - 270303. Give p(57).
-9
Let l(f) = -21487*f + 107421. Give l(5).
-14
Let t(v) = v**3 + v**2 - 585*v + 10867. Calculate t(18).
6493
Let f(m) = 15*m**3 - 29*m**2 + 39*m - 107. Calculate f(6).
2323
Let v(f) = -3*f**2 - 1571*f + 10213. Calculate v(-530).
143
Let s(z) = -z**2 - 127*z - 2661. Calculate s(-26).
-35
Let n(h) = 20*h**3 + 5*h**2 + 68*h + 225. Calculate n(-3).
-474
Let r(v) = -v**2 + 219*v + 10331. Calculate r(-40).
-29
Let m(f) = 5435*f - 255421. What is m(47)?
24
Let j(f) = -8373*f + 3600396. Give j(430).
6
Let f(k) = k**2 + 130*k + 3932. Calculate f(-84).
68
Let j(v) = 186*v + 4044. Give j(-20).
324
Let y(n) = -n**3 + 89*n**2 - 1956*n + 4878. Calculate y(31).
-20
Let a(q) = -208*q - 6069. Give a(-27).
-453
Let r(c) = 3*c**2 - 318*c - 2024. What is r(-6)?
-8
Let h(q) = q**2 - 3666*q - 40518. Calculate h(-11).
-71
Let h(s) = -3*s**2 - 1379*s + 76436. What is h(50)?
-14
Let t(b) = b**3 - 9*b**2 - 75*b + 666. Determine t(17).
1703
Let a(g) = 4*g**3 - 5*g - 684. Give a(0).
-684
Let p(v) = v**3 + 127*v**2 + 1365*v + 3312. Determine p(-8).
8
Let k(z) = 2635200*z + 5. Give k(0).
5
Let v(d) = 177*d - 6088. Calculate v(18).
-2902
Let y(h) = -h**2 - 481*h + 10611. What is y(22)?
-455
Let c(a) = -a**3 + 139*a**2 - 585*a + 6804. What is c(135)?
729
Let m(c) = -52*c**2 + 100*c + 414. Calculate m(-4).
-818
Let f(i) = -43958*i - 879141. Calculate f(-20).
19
Let g(j) = -2*j**3 - 91*j**2 - 944*j - 1386. Determine g(-31).
9
Let y(h) = -2*h**3 + 513*h**2 - 5389*h - 125. Determine y(11).
7
Let m(c) = -2*c**3 + 729*c**2 + 104976*c - 478. Calculate m(475).
-3
Let n(i) = 2*i**3 + 7*i**2 - 2124*i - 484. Give n(31).
-19
Let z(d) = 2*d**3 - 330*d**2 - 800*d - 93293. What is z(169)?
-5
Let c(b) = -19*b**2 + 355*b + 382. Give c(-1).
8
Let a(o) = -2*o**2 - 2852*o + 441886. What is a(141)?
-8
Let u(k) = -275*k**2 + 8517*k + 142. What is u(31)?
-106
Let w(y) = 4*y**2 - 183*y - 3676. Calculate w(60).
-256
Let r(j) = 4523*j - 235322. Determine r(52).
-126
Let p(x) = 23*x**2 + 874672*x + 874672. Calculate p(-1).
23
Let m(p) = 84*p**3 - 303*p - 303. What is m(-1)?
-84
Let u(z) = z**3 - 70*z**2 - 1682*z + 120742. Give u(69).
-77
Let o(y) = 22*y**2 + 2295*y + 19472. Give o(-95).
-3
Let z(i) = 348*i**3 - 100*i - 100. Give z(-1).
-348
Let v(i) = 77*i**2 + 140*i - 862. Calculate v(5).
1763
Let d(m) = -10426*m**2 - 229370*m + 50. Give d(-22).
6
Let s(w) = -111*w - 9528. Determine s(-87).
129
Let n(o) = -4*o**3 + 30*o**2 - 79*o + 36. Determine n(4).
-56
Let i(b) = -5*b**2 + 378*b + 205450. Give i(244).
2
Let l(c) = -c**3 + 18*c**2 + 30*c - 606. Calculate l(15).
519
Let a(z) = 2*z**3 + 237*z**2 + 6067*z - 663. Determine a(-81).
-15
Let a(z) = 116*z**2 - 629*z - 14. Calculate a(5).
-259
Let s(t) = 6*t**2 - 42246*t + 211194. What is s(5)?
114
Let i(z) = -4306*z - 77746. What is i(-18)?
-238
Let y(s) = -2627*s + 152363. Give y(58).
-3
Let h(z) = 21750*z + 4349998. Determine h(-200).
-2
Let v(h) = -4*h**3 - 233*h**2 + 182*h + 87. Give v(-59).
-208
Let d(z) = 7*z**2 - 9*z + 366. Give d(13).
1432
Let c(l) = -5*l**3 + l**2 - 151*l + 422. Determine c(3).
-157
Let k(i) = -i**3 - 525*i**2 - 9147*i - 10464. Give k(-507).
183
Let y(u) = 299*u - 73614. Determine y(247).
239
Let i(a) = -632*a**2 - 2502*a - 9. Calculate i(-4).
-113
Let f(l) = -5*l**2 - 354*l + 418. Calculate f(-68).
1370
Let k(s) = -s**3 - 26*s**2 - 37*s - 1588. Calculate k(-27).
140
Let i(q) = 45897*q + 229521. Calculate i(-5).
36
Let t(y) = -62*y**2 - 869*y + 947. What is t(1)?
16
Let c(j) = 48*j - 4568. Give c(88).
-344
Let q(l) = -7*l**2 + 253*l + 2176. Give q(-8).
-296
Let t(l) = 657*l**2 - 2564*l + 1. Determine t(4).
257
Let j(b) = 2*b**3 - 268*b**2 + 520*b + 992. Determine j(132).
-64
Let t(c) = 8*c**2 + 1166*c + 14517. Determine t(-132).
-3
Let t(s) = -59*s**2 - 178*s + 9226. Determine t(-14).
154
Let g(a) = -137*a + 14456. Give g(106).
-66
Let m(p) = -1188*p + 104603. Determine m(88).
59
Let t(x) = 587*x**2 + 24*x + 44. Determine t(-2).
2344
Let u(z) = -2*z**3 - 436*z**2 - 852*z - 402. Give u(-216).
-2994
Let m(k) = -k**3 - 688*k**2 + 2136*k + 996967. Calculate m(-689).
-16
Let n(a) = a**2 + 565*a - 660656. Give n(578).
-2
Let f(y) = y**2 - 323*y - 26575. Give f(391).
13
Let k(t) = 82*t**2 - 27292*t - 4649. Give k(333).
13
Let o(s) = s**3 - 28*s**2 + 28*s + 775. Determine o(22).
-1513
Let q(g) = -2*g**3 + 35*g**2 + 1605*g - 27621. Give q(17).
-47
Let v(i) = -i**2 + 32416*i + 500. Give v(0).
500
Let o(d) = -d**2 + 104*d + 1065. Determine o(107).
744
Let q(i) = -155*i + 46960. Calculate q(303).
-5
Let j(m) = -m**2 + 37*m - 334. Determine j(34).
-232
Let u(t) = 12*t**3 + 3985*t**2 + 345*t + 4320. What is u(-332)?
4
Let s(b) = -9832*b - 147715. Calculate s(-15).
-235
Let k(u) = -158*u**2 + 1941*u - 22. Give k(12).
518
Let a(q) = -2125414*q + 3. Give a(0).
3
Let z(r) = -r**2 - 362*r - 25627. What is z(-266)?
-91
Let r(l) = 15*l**2 - 289*l - 2321. Calculate r(25).
-171
Let h(a) = -383010*a + 2681099. Calculate h(7).
29
Let x(f) = f**3 - 1007*f**2 + 96*f - 96671. Give x(1007).
1
Let j(i) = -5632*i - 44902. Give j(-8).
154
Let k(u) = -8*u**2 - 383*u + 526. Give k(-53).
-1647
Let f(m) = -7*m**3 - 138*m**2 + 165*m - 26. What is f(-21)?
478
Let l(o) = -2*o**2 - 181*o + 1735. Give l(9).
-56
Let l(d) = -11*d**3 - 4896*d**2 - 433*d + 5351. Give l(-445).
11
Let c(d) = -2*d**3 - 25*d**2 - 66*d - 65. Give c(-10).
95
Let i(t) = -t**3 - 10*t**2 - 85*t - 188. What is i(-8)?
364
Let i(m) = 2*m**3 - 25*m**2 - 343*m + 43. Calculate i(-12).
-2897
Let v(b) = -b**2 + 180*b + 15810. Give v(-64).
194
Let z(l) = -l**3 - 32*l**2 + 939*l + 28724. Calculate z(-31).
-1346
Let l(u) = -134*u**2 - 1341*u - 63. What is l(-10)?
-53
Let j(f) = -6964*f - 55642. Calculate j(-8).
70
Let w(q) = -q**3 - 197*q**2 + 357*q + 31492. Calculate w(-198).
10
Let g(q) = -20*q**2 - 645*q - 90. Determine g(-32).
70
Let l(q) = q**2 - 622*q + 96336. What is l(331)?
15
Let g(q) = 119975*q + 2279524. Calculate g(-19).
-1
Let j(m) = -1226*m - 23220. Give j(-17).
-2378
Let w(l) = l**3 + 115*l**2 + 59*l - 6267. What is w(-114)?
3
Let m(c) = -251*c - 217. What is m(-4)?
787
Let f(v) = 350*v - 4239. Calculate f(18).
2061
Let j(i) = 362*i**2 + 17405*i + 1339. What is j(-48)?
-53
Let k(r) = -414*r + 79028. What is k(190)?
368
Let y(z) = -z**3 + 6*z**2 - 95*z + 674. What is y(7)?
-40
Let h(d) = -d**2 - 7245*d - 608606. Give h(-85).
-6
Let x(a) = a**3 - 415*a**2 + 132*a - 54777. What is x(415)?
3
Let m(g) = 630331*g - 8824624. Give m(14).
10
Let u(f) = -29*f**2 + 470*f - 755. Give u(18).
-1691
Let s(i) = -161*i**2 + 3774*i - 1764. What is s(23)?
-131
Let w(r) = -r**3 - 71*r**2 + 169*r + 7045. What is w(-72)?
61
Let o(w) = -w**2 + 94*w + 5451. Determine o(-42).
-261
Let z(a) = -2*a**3 - 26*a**2 + 23*a + 51. What is z(-6)?
-591
Let u(c) = -3*c**2 - 52164*c - 312855. What is u(-6)?
21
Let r(d) = -4*d**2 - 2322*d + 165393. Calculate r(64).
401
Let b(d) = -766*d - 61228. Determine b(-80).
52
Let m(z) = -z**3 + 55*z**2 + 314*z - 856. Calculate m(-7).
-16
Let w(j) = -5*j**3 - 34*j**2 + 5*j + 118. Calculate w(-6).
-56
Let i(j) = 2*j**3 + 27*j**2 - 1043*j - 16. Give i(17).
-118
Let u(r) = -r**3 + 423*r**2 - 4517*r - 114. Determine u(11).
51
Let b(r) = -175656*r - 2459185. Determine b(-14).
-1
Let q(p) = p**3 + 190*p**2 - 1586*p + 2. Give q(8).
-14
Let p(x) = -x**2 + 154*x + 4641. Calculate p(-26).
-39
Let x(q) = -33356*q - 800480. Determine x(-24).
64
Let a(h) = -2*h**2 - 65*h - 93. Determine a(-20).
407
Let u(v) = 3*v**3 + 138*v**2 + 19*v + 1052. Calculate u(-46).
178
Let b(x) = 32610*x 